{"id":1408,"date":"2026-04-19T12:21:42","date_gmt":"2026-04-19T11:21:42","guid":{"rendered":"http:\/\/cabineb.cluster100.hosting.ovh.net\/4enfants\/?page_id=1408"},"modified":"2026-04-19T13:43:01","modified_gmt":"2026-04-19T12:43:01","slug":"les-petites-creches-st-didier-75016","status":"publish","type":"page","link":"https:\/\/www.petitescreches.fr\/index.php\/nos-etablissements\/les-petites-creches-st-didier-75016\/","title":{"rendered":"Les petites cr\u00e8ches St Didier 75016"},"content":{"rendered":"\t\t<div data-elementor-type=\"wp-page\" data-elementor-id=\"1408\" class=\"elementor elementor-1408\" data-elementor-post-type=\"page\">\n\t\t\t\t<div class=\"elementor-element elementor-element-4aedeb5 e-flex e-con-boxed wpr-particle-no wpr-jarallax-no wpr-parallax-no wpr-sticky-section-no wpr-equal-height-no e-con e-parent\" data-id=\"4aedeb5\" data-element_type=\"container\" data-e-type=\"container\" data-settings=\"{&quot;background_background&quot;:&quot;classic&quot;}\">\n\t\t\t\t\t<div class=\"e-con-inner\">\n\t\t<div class=\"elementor-element elementor-element-d7f659d e-con-full e-flex wpr-particle-no wpr-jarallax-no wpr-parallax-no wpr-sticky-section-no wpr-equal-height-no e-con e-child\" data-id=\"d7f659d\" data-element_type=\"container\" data-e-type=\"container\">\n\t\t\t\t<div class=\"elementor-element elementor-element-7310ee1 elementor-widget elementor-widget-heading\" data-id=\"7310ee1\" data-element_type=\"widget\" data-e-type=\"widget\" data-widget_type=\"heading.default\">\n\t\t\t\t\t<h2 class=\"elementor-heading-title elementor-size-default\">Les petites cr\u00e8ches St Didier- 75016 Paris (16)<\/h2>\t\t\t\t<\/div>\n\t\t\t\t<div class=\"elementor-element elementor-element-af29d1e elementor-widget elementor-widget-text-editor\" data-id=\"af29d1e\" data-element_type=\"widget\" data-e-type=\"widget\" data-widget_type=\"text-editor.default\">\n\t\t\t\t\t\t\t\t\t<p>Situ\u00e9e rue St-Didier \u00e0 deux pas des places Victor Hugo et de Mexico cette cr\u00e8che accueille les enfants dans un bel espace de 196m2 totalement r\u00e9nov\u00e9 et d\u2019un jardin de 130m2. Une \u00e9quipe de 11 professionnelles de la Petite Enfance sous la Direction p\u00e9dagogique d\u2019une Educatrice de jeune Enfants prendra soin d\u2019un groupe de 35 enfants accueillis en \u00e2ge m\u00e9lang\u00e9 avec une priorit\u00e9 donn\u00e9 aux activit\u00e9s en plein-air.<\/p>\t\t\t\t\t\t\t\t<\/div>\n\t\t\t\t<div class=\"elementor-element elementor-element-0c1b119 elementor-align-left elementor-widget elementor-widget-button\" data-id=\"0c1b119\" data-element_type=\"widget\" data-e-type=\"widget\" data-widget_type=\"button.default\">\n\t\t\t\t\t\t\t\t\t\t<a class=\"elementor-button elementor-button-link elementor-size-sm\" href=\"https:\/\/www.petitescreches.fr\/index.php\/pre-inscription\/\">\n\t\t\t\t\t\t<span class=\"elementor-button-content-wrapper\">\n\t\t\t\t\t\t\t\t\t<span class=\"elementor-button-text\">PRE-INSCRIPTION<\/span>\n\t\t\t\t\t<\/span>\n\t\t\t\t\t<\/a>\n\t\t\t\t\t\t\t\t<\/div>\n\t\t\t\t<\/div>\n\t\t<div class=\"elementor-element elementor-element-8e7cb19 e-con-full e-flex wpr-particle-no wpr-jarallax-no wpr-parallax-no wpr-sticky-section-no wpr-equal-height-no e-con e-child\" data-id=\"8e7cb19\" data-element_type=\"container\" data-e-type=\"container\">\n\t\t\t\t<div class=\"elementor-element elementor-element-324332a elementor-widget elementor-widget-image\" data-id=\"324332a\" data-element_type=\"widget\" data-e-type=\"widget\" data-widget_type=\"image.default\">\n\t\t\t\t\t\t\t\t\t\t\t\t\t\t\t<img fetchpriority=\"high\" decoding=\"async\" width=\"2500\" height=\"1874\" src=\"https:\/\/www.petitescreches.fr\/wp-content\/uploads\/2026\/04\/ST-DIDIER-LPC.png\" class=\"attachment-full size-full wp-image-1253\" alt=\"\" srcset=\"https:\/\/www.petitescreches.fr\/wp-content\/uploads\/2026\/04\/ST-DIDIER-LPC.png 2500w, https:\/\/www.petitescreches.fr\/wp-content\/uploads\/2026\/04\/ST-DIDIER-LPC-300x225.png 300w, https:\/\/www.petitescreches.fr\/wp-content\/uploads\/2026\/04\/ST-DIDIER-LPC-1024x768.png 1024w, https:\/\/www.petitescreches.fr\/wp-content\/uploads\/2026\/04\/ST-DIDIER-LPC-768x576.png 768w, https:\/\/www.petitescreches.fr\/wp-content\/uploads\/2026\/04\/ST-DIDIER-LPC-1536x1151.png 1536w, https:\/\/www.petitescreches.fr\/wp-content\/uploads\/2026\/04\/ST-DIDIER-LPC-2048x1535.png 2048w\" sizes=\"(max-width: 2500px) 100vw, 2500px\" \/>\t\t\t\t\t\t\t\t\t\t\t\t\t\t\t<\/div>\n\t\t\t\t<\/div>\n\t\t\t\t\t<\/div>\n\t\t\t\t<\/div>\n\t\t<div class=\"elementor-element elementor-element-3040920 e-flex e-con-boxed wpr-particle-no wpr-jarallax-no wpr-parallax-no wpr-sticky-section-no wpr-equal-height-no e-con e-parent\" data-id=\"3040920\" data-element_type=\"container\" data-e-type=\"container\">\n\t\t\t\t\t<div class=\"e-con-inner\">\n\t\t\t\t<div class=\"elementor-element elementor-element-65b067b elementor-widget elementor-widget-html\" data-id=\"65b067b\" data-element_type=\"widget\" data-e-type=\"widget\" data-widget_type=\"html.default\">\n\t\t\t\t\t<embed src=\"https:\/\/www.petitescreches.fr\/wp-content\/uploads\/2026\/04\/lpc_ST-DIDIER.pdf\" type=\"application\/pdf\" width=\"600\" height=\"940\"><\/embed>\t\t\t\t<\/div>\n\t\t\t\t\t<\/div>\n\t\t\t\t<\/div>\n\t\t<div class=\"elementor-element elementor-element-0c83784 e-flex e-con-boxed wpr-particle-no wpr-jarallax-no wpr-parallax-no wpr-sticky-section-no wpr-equal-height-no e-con e-parent\" data-id=\"0c83784\" data-element_type=\"container\" data-e-type=\"container\">\n\t\t\t\t\t<div class=\"e-con-inner\">\n\t\t\t\t<div class=\"elementor-element elementor-element-e2b0416 elementor-widget elementor-widget-spacer\" data-id=\"e2b0416\" data-element_type=\"widget\" data-e-type=\"widget\" data-widget_type=\"spacer.default\">\n\t\t\t\t\t\t\t<div class=\"elementor-spacer\">\n\t\t\t<div class=\"elementor-spacer-inner\"><\/div>\n\t\t<\/div>\n\t\t\t\t\t\t<\/div>\n\t\t\t\t\t<\/div>\n\t\t\t\t<\/div>\n\t\t<div class=\"elementor-element elementor-element-e5bdf5d e-flex e-con-boxed wpr-particle-no wpr-jarallax-no wpr-parallax-no wpr-sticky-section-no wpr-equal-height-no e-con e-parent\" data-id=\"e5bdf5d\" data-element_type=\"container\" data-e-type=\"container\">\n\t\t\t\t\t<div class=\"e-con-inner\">\n\t\t<div class=\"elementor-element elementor-element-477437a e-con-full e-flex wpr-particle-no wpr-jarallax-no wpr-parallax-no wpr-sticky-section-no wpr-equal-height-no e-con e-child\" data-id=\"477437a\" data-element_type=\"container\" data-e-type=\"container\">\n\t\t\t\t<div class=\"elementor-element elementor-element-d1caef2 elementor-widget elementor-widget-google_maps\" data-id=\"d1caef2\" data-element_type=\"widget\" data-e-type=\"widget\" data-widget_type=\"google_maps.default\">\n\t\t\t\t\t\t\t<div class=\"elementor-custom-embed\">\n\t\t\t<iframe loading=\"lazy\"\n\t\t\t\t\tsrc=\"https:\/\/maps.google.com\/maps?q=54%20Rue%20Saint-Didier%2C%2075016%20Paris&#038;t=m&#038;z=13&#038;output=embed&#038;iwloc=near\"\n\t\t\t\t\ttitle=\"54 Rue Saint-Didier, 75016 Paris\"\n\t\t\t\t\taria-label=\"54 Rue Saint-Didier, 75016 Paris\"\n\t\t\t><\/iframe>\n\t\t<\/div>\n\t\t\t\t\t\t<\/div>\n\t\t\t\t<\/div>\n\t\t<div class=\"elementor-element elementor-element-05ca38d e-con-full e-flex wpr-particle-no wpr-jarallax-no wpr-parallax-no wpr-sticky-section-no wpr-equal-height-no e-con e-child\" data-id=\"05ca38d\" data-element_type=\"container\" data-e-type=\"container\">\n\t\t\t\t<div class=\"elementor-element elementor-element-646ab39 elementor-widget elementor-widget-text-editor\" data-id=\"646ab39\" data-element_type=\"widget\" data-e-type=\"widget\" data-widget_type=\"text-editor.default\">\n\t\t\t\t\t\t\t\t\t<h3>Informations<\/h3><ul><li><strong>Adresse<\/strong> : 54 Rue Saint-Didier, 75016 Paris<\/li><li><strong>Cr\u00e8che<\/strong> : Multi-accueil de 35 berceaux<\/li><li><strong>Superficie<\/strong> : 355m\u00b2 dont 160m\u00b2 de jardin arbor\u00e9<\/li><li><strong>Horaire<\/strong> : 8h00 \/ 19h00 du lundi au vendredi<\/li><\/ul><h3>Comment s&rsquo;y rendre<\/h3><ul><li><strong>Bus<\/strong> : pc1, 22, 32<\/li><li><strong>M\u00e9tro<\/strong> : Ligne 9 Jasmin \u00e0 100m<\/li><\/ul>\t\t\t\t\t\t\t\t<\/div>\n\t\t\t\t<\/div>\n\t\t\t\t\t<\/div>\n\t\t\t\t<\/div>\n\t\t\t\t<\/div>\n\t\t","protected":false},"excerpt":{"rendered":"<p>Les petites cr\u00e8ches St Didier- 75016 Paris (16) Situ\u00e9e rue St-Didier \u00e0 deux pas des places Victor Hugo et de Mexico cette cr\u00e8che accueille les enfants dans un bel espace de 196m2 totalement r\u00e9nov\u00e9 et d\u2019un jardin de 130m2. Une \u00e9quipe de 11 professionnelles de la Petite Enfance sous la Direction p\u00e9dagogique d\u2019une Educatrice de jeune Enfants prendra soin d\u2019un groupe de 35 enfants accueillis en \u00e2ge m\u00e9lang\u00e9 avec une priorit\u00e9 donn\u00e9 aux activit\u00e9s en plein-air. PRE-INSCRIPTION Informations Adresse : 54 Rue Saint-Didier, 75016 Paris Cr\u00e8che : Multi-accueil de 35 berceaux Superficie : 355m\u00b2 dont 160m\u00b2 de jardin arbor\u00e9 Horaire : 8h00 \/ 19h00 du lundi au vendredi Comment s&rsquo;y rendre Bus : pc1, 22, 32 M\u00e9tro : Ligne 9 Jasmin \u00e0 100m<\/p>\n","protected":false},"author":1,"featured_media":0,"parent":1219,"menu_order":0,"comment_status":"closed","ping_status":"closed","template":"elementor_header_footer","meta":{"footnotes":""},"class_list":["post-1408","page","type-page","status-publish","hentry"],"_links":{"self":[{"href":"https:\/\/www.petitescreches.fr\/index.php\/wp-json\/wp\/v2\/pages\/1408","targetHints":{"allow":["GET"]}}],"collection":[{"href":"https:\/\/www.petitescreches.fr\/index.php\/wp-json\/wp\/v2\/pages"}],"about":[{"href":"https:\/\/www.petitescreches.fr\/index.php\/wp-json\/wp\/v2\/types\/page"}],"author":[{"embeddable":true,"href":"https:\/\/www.petitescreches.fr\/index.php\/wp-json\/wp\/v2\/users\/1"}],"replies":[{"embeddable":true,"href":"https:\/\/www.petitescreches.fr\/index.php\/wp-json\/wp\/v2\/comments?post=1408"}],"version-history":[{"count":19,"href":"https:\/\/www.petitescreches.fr\/index.php\/wp-json\/wp\/v2\/pages\/1408\/revisions"}],"predecessor-version":[{"id":1502,"href":"https:\/\/www.petitescreches.fr\/index.php\/wp-json\/wp\/v2\/pages\/1408\/revisions\/1502"}],"up":[{"embeddable":true,"href":"https:\/\/www.petitescreches.fr\/index.php\/wp-json\/wp\/v2\/pages\/1219"}],"wp:attachment":[{"href":"https:\/\/www.petitescreches.fr\/index.php\/wp-json\/wp\/v2\/media?parent=1408"}],"curies":[{"name":"wp","href":"https:\/\/api.w.org\/{rel}","templated":true}]}}